(5 - 14)?
7
-23 - (8 - 13) - (-3 + -4)
-11
What is the value of 2 + 5 + -4 + -4 + 4?
3
What is 89 + -95 + (5 - -1)?
0
What is (-30 + 32 - (2 + -7)) + -15?
-8
Calculate 0 + 0 - (-20 - -4 - -17).
-1
Evaluate -2 + (-5 - (-2 - -8 - 8)).
-5
Calculate 10 + (-8 - -5) + -4.
3
Evaluate 7 - 0 - ((14 - 4) + -9).
6
What is the value of -1 - -5 - (-3 - (0 - 0))?
7
What is the value of -8 + 3 + (4 - 5 - -2)?
-4
What is the value of 3 + -7 + -2 + 4 - 3?
-5
Evaluate (-6 - -3) + (0 - 2).
-5
What is -6 - (5 - 10) - -2?
1
(-57 - -49) + -1 + -3 + 5
-7
What is the value of (-9 - -6) + 11 - (3 + 2)?
3
Calculate -4 + 9 + 1 + -5.
1
Evaluate -7 + 1 + (9 - (-4 - -9)).
-2
Evaluate -8 + (3 - (3 - 4)).
-4
What is (1 - 3 - (-4 + -1)) + 0?
3
What is the value of 4 - -3 - (0 - -6)?
1
9 + (-5 - (-4 - -12 - 8))
4
(-7 - -5) + (3 - 0)
1
Calculate 19 - (22 - (11 + 0)).
8
Calculate 11 - (-5 + 3 + 6) - 2.
5
What is 1 - 5 - (-21 - -4 - -7)?
6
(1 + -1 - 3) + -1
-4
Evaluate 2 - -2 - (30 + -20).
-6
Evaluate 5 - (4 + (6 - 2)).
-3
What is the value of (2 - 6) + -25 + 35?
6
What is 153 + -165 - (-4 + 0 + -1)?
-7
What is 11 + (2 - -2) - 9?
6
Calculate 1 + (12 - 3) + (-8 - -3).
5
What is the value of 1 - (-5 - -8 - 0)?
-2
Evaluate -11 - -2 - (-13 - (-19 + 14)).
-1
What is 4 - (10 - (7 - (5 - 4)))?
0
What is 7 + 0 - ((6 - 4) + 0)?
5
-3 - -5 - 2 - (1 - 2)
1
7 + 2 - (41 - 40)
8
What is the value of 5 - ((7 - 5) + -3)?
6
What is -1 + 1 + 5 + (-262 - -257)?
0
What is -12 + (1 - 0) + (-103 - -107)?
-7
Evaluate -4 + 0 + 7 + 0.
3
Evaluate (4 - (5 + -1)) + (-3 - 2).
-5
Evaluate 4 + 0 + (5 - 5) + -1.
3
Calculate 36 + -36 - (1 - (-1 - -4)).
2
(0 - (1 + -7)) + -5
1
What is the value of (3 - 8) + 4 + 0?
-1
Calculate (18 + -29 - -3) + -2 + 1.
-9
What is the value of (1 - 5 - -8) + (-2 - -3)?
5
Calculate (6 - (2 + 8)) + 1.
-3
4 - (13 + (2 + -9 - -2))
-4
(-10 - -6) + (-2 - -5) + 1
0
Calculate 3 + (2 - 1 - (-12 - -20)).
-4
What is 7 + (-12 - (-5 + -2))?
2
Calculate (-3 - 0) + (1 - -4).
2
What is 3 + (-6 - -4) + -7 + 1?
-5
Evaluate -35 + 24 + (16 - 4).
1
What is the value of 2 + -4 + 3 + -3 + -1?
-3
What is (-4 - 8) + 2 + 8?
-2
Evaluate (-3 - (-7 + 3)) + (2 - 2).
1
(3 - (0 + 1 - -5)) + 2
-1
Calculate 7 + (-2 - (6 + -2)).
1
Evaluate -1 - (0 + -4) - (0 - 6).
9
Evaluate 7 - 5 - (1 + -1).
2
Evaluate 8 + (2 - -1) + -12.
-1
What is -1 + 3 - (7 + (-15 - -6))?
4
What is the value of 9 - (8 + 0 + 8)?
-7
Evaluate 0 + -3 + 0 + 0.
-3
What is (4 - 2) + (-6 - (-3 - -5))?
-6
(19 - 21) + (1 - -3)
2
Calculate 160 - 144 - (12 + 0).
4
Calculate (0 - (-2 + 2)) + 10 + -8.
2
What is the value of (-57 - -62) + (1 - (-2 - -3))?
5
Calculate -6 - -2 - (6 - 5).
-5
What is 1 + 0 - (4 + -3 - 0)?
0
-4 - (-4 + 0 + (1 - 0))
-1
Calculate -5 + (11 + -1 - 7) - 2.
-4
What is -2 - (1 - -1 - 7) - 7?
-4
-1 + (-1 - 1) + (11 - 8)
0
Calculate 6 - (0 + -4 + 6).
4
What is -3 + -5 + -1 + 4 + 8?
3
-5 - (2 + (-1 + 8 - 15))
1
(-4 - 1) + (-14 - -17)
-2
Calculate 3 - (-2 - (-1 + -1 - 0)).
3
Calculate -9 + -11 + 22 + -6.
-4
Evaluate 11 + -11 + (0 - -1 - 2).
-1
What is 0 - 1 - 0 - (124 + -120)?
-5
Calculate (18 - 22) + 5 + -6.
-5
What is the value of -1 + -6 + -3 - -2 - -4?
-4
What is the value of -2 + 7 + -2 + -5 - -1?
-1
1 + 1 + (4 - 1)
5
What is the value of 1 + -4 - (1 + -7) - 5?
-2
What is 6 - (-2 - -11) - (-6 + -2)?
5
What is the value of -2 + (1 - 4) - -4?
-1
What is 7 - (2 + 0 + 1)?
4
What is -1 - (-2 + 2) - 3?
-4
What is the value of 6 + (-10 - -9 - 9)?
-4
What is the value of -4 - 4 - (3 + -13 - -6)?
-4
What is 0 - (0 + -2 + 4 - 0)?
-2
What is 3 + 0 + -6 + 5?
2
(5 - (2 - 3)) + -14 + 17
9
Calculate 1 - (-1 + -5 - (3 - 4)).
6
Calculate 4 + (-2 + 0 - -1 - -2).
5
Calculate 5 - ((3 + -4 - 0) + -2).
8
Evaluate (-20 - (-9 + -4)) + 3.
-4
Evaluate -2 - ((8 - 4) + 1 - 1).
-6
Calculate 1 - 5 - (-3 + 1) - 0.
-2
What is 12 - (-4 - -10) - 11?
-5
Calculate (3 + -8 + 9 - -5) + -1.
8
What is the value of -4 + 8 + 0 + -3?
1
What is -2 + (5 - 2) + 3 + -2?
2
What is (1 + -1 - (-2 + 6)) + 0?
-4
(4 - 4 - -2) + 3 + 0
5
Evaluate 2 - 1 - 6 - (-66 - -56).
5
2 + (-1 - -3) + (-15 - -14)
3
What is (-35 - -54) + -11 + 0?
8
Calculate (1 - (-1 + 12)) + 8 + -2.
-4
Calculate -1 - (-5 - (5 + -18) - 6).
-3
What is 11 + -15 + -1 + 6 + -4?
-3
0 - ((2 - 3) + -2)
3
Calculate (14 + -10 - (11 + -3)) + -2.
-6
What is the value of 9 + -14 + 1 - (2 - 6)?
0
-2 + (0 - 2) - (41 - 41)
-4
(3 - 11) + 0 + -1 + 6
-3
-2 + 0 + 0 - (3 - 2)
-3
Evaluate (-3 + 4 - -3) + -1.
3
-5 + -5 + 3 - -9
2
What is 11 + (7 + -2 + -4 - 6)?
6
What is 1 - (4 - 0) - (-17 - -11)?
3
What is the value of 3 + (-10 - 0) - -4?
-3
What is 1 - ((2 - 0 - 1) + 2)?
-2
Evaluate (-5 - -6 - 8) + 6.
-1
Evaluate -6 + -5 + 19 + -4.
4
What is the value of (-1 - (4 - 6)) + -6?
-5
What is 1 - (-1 - (2 + -11)) - -2?
-5
(-6 - (2 - 0 - 18)) + -7
3
Calculate 1 + -1 + 7 - 3.
4
Evaluate -1 + 0 + -1 - (-3 + 0).
1
1 + 3 + 11 + -12
3
Calculate -4 + (-20 - -22 - (-1 + -1)).
0
Evaluate -5 + 2 + (1 - 3) - -2.
-3
What is (6 - 1) + -13 + 14?
6
What is the value of (-13 - -12) + 0 + 0?
-1
Calculate (-5 - (2 + -8 + 4)) + -1.
-4
Evaluate 40 + -33 - (9 + 1).
-3
What is the value of 2 - 4 - (-1 + 0 + 1)?
-2
Calculate -7 - -15 - (-2 + 5).
5
Evaluate -5 + 2 + 6 + (2 - 5).
0
What is 1 + 2 + 2 + -1 + -4?
0
Calculate 4 - (0 + 3 + 1).
0
(-1 + 0 - 2) + 8 + 0
5
Calculate 3 - ((-2 - (8 + -5)) + 6).
2
Evaluate 4 + -5 - ((-2 - 1) + -3).
5
What is the value of 2 - -1 - (1 + -2 + 7)?
-3
Evaluate -2 + -5 + 7 - 10.
-10
What is the value of 9 + -6 + 5 + -3?
5
Calculate -3 + 0 + 2 + (109 - 105).
3
Calculate 5 + -9 + -1 + 0.
-5
What is the value of (-1 - -2) + (9 - 11) - -3?
2
1 - (-1 - -2 - 0)
0
Evaluate (-10 - -6) + (-2 - -2).
-4
Calculate -2 + (-5 - -3) + 3.
-1
Evaluate -1 - (-1 - -1) - (20 + -22).
1
-2 + 0 + (3 - 12 - -17)
6
Evaluate -5 + 1 + -5 + 15 - 4.
2
Calculate -1 + (0 - -4) + (2 - 4).
1
What is the value of -5 - -3 - ((8 - 3) + -2)?
-5
What is the value of 1 - (-24 + 7) - 6 - 4?
8
Calculate (14 - 4) + (4 - 14).
0
What is -6 + (5 - 3) - (1 - 0)?
-5
What is the value of (8 - 1) + 19 + -24?
2
What is 2 - (-14 + (-2 - -11))?
7
What is the value of -1 - (2 - (-5 + 4))?
-4
What is -5 - -4 - (-6 + 1)?
4
-2 + -1 + 3 + 48 + -49
-1
Evaluate (7 - 5) + (-2 - -5) - 2.
3
What is the value of 1 + (3 - (-2 - 0)) + -10?
-4
What is the value of -6 - (-8 - (-2 + -2)) - -2?
0
What is the value of (-2 + 6 - 20 - 1) + 7?
-10
(69 - 69) + 1 + 3
4
(3 - (2 - 0)) + (-1 - 3)
-3
Evaluate (2 - 4 - -3) + -5 - 0.
-4
What is the value of 10 - 14 - (-4 + 1)?
-1
Calculate -2 - ((5 - -10) + -9).
-8
What is 0 + (-2 - 1) + 2 + 1?
0
(4 - -2) + -14 - -2
-6
What is -2 + 1 + 4 + -3?
0
What is the value of 10 + -3 + -6 - 9?
-8
Calculate 17 - (8 - (-3 - -1)).
7
What is 1 + -5 + (-1 - -6 - 1)?
0
(7 - 9) + (-1 - 0)
-3
-4 + 5 + -8 + -2 + 6
-3
-10 + 6 + (-6 - -10)
0
What is 1 - -1 - (5 - (-6 + 7))?
-2
Calculate -3 + 0 - (5 - (-1 - -7)).
-2
Evaluate 0 + 11 + -4 + -8.
-1
What is (1 - (0 + 4)) + -1 - -6?
2
What is the value of (-3 - -3) + -2 + -1?
-3
What is -6 + 14 + -3 + -6?
-1
What is the value of 2 + 5 + -4 + 1?
4
(4 - 0) + (-62 - -58)
0
Calculate -3 - (-9 + 6 - -1 - 6).
5
Calculate (3 - (0 - -2)) + (-23 - -20).
-2
Evaluate -40 + 47 - ((2 - -1) + -1).
5
What is (-5 - (-3 + 1)) + 0 - 3?
-6
Evaluate 1 - (-2 - ((7 - 4) + -2)).
4
What is (-2 - (-4 - -8)) + 11?
5
What is the value of 7 - (8 - (3 - 5 - -3))?
0
Calculate 3 - (3 + 1) - -1.
0
What is the value of (-1 - 8) + -2 + 6 + 0?
-5
Calculate 31 + -29 + 0 + -2 + 1.
1
What is 6 + 4 + (-11 - -2)?
1
Evaluate -1 - (0 - 5 - 1 - -4).
1
What is 1 + 3 - (-3 + -2 + 5)?
4
What is -5 - (2 - (-2 + 1) - 6)?
-2
What is the value of -44 + 53 - (0 + 0)?
9
Evaluate (13 + 2 - 6) + -8.
1
What is the value of -7 - (-2 - -1 - 3) - -6?
3
Evaluate 0 - (-1 - 1) - 1 - 3.
-2
What is the value of 3 + (2 - (4 + -3))?
4
(4 - (-9 - -18)) + 1 + 2
-2
Calculate -8 + (10 - 0 - (34 + -31)).
-1
-9 + 3 - (-7 - -2) - -1
0
Evaluate 24 + -22 + -2 + -2.
-2
Evaluate (5 - 1) + 2 + -4.
2
What is 3 - ((-3 + 2 - 1) + 0)?
5
What is the value of 2 + 3 + -7 + 6 - 1?
3
-15 + 6 + 12 - 2
1
Calculate 2 + -1 + -4 + 7.
4
Evaluate -10 - -2 - -3 - -4.
-1
4 - ((4 - (-2 + 4)) + 5)
-3
(-13 - -14) + (0 - 6)
-5
What is the value of -2 + 1 + (-16 + 8 - -10)?
1
-3 + 2 + 7 - (-3 - -7)
2
Calculate (4 - 9) + 9 + -8.
-4
What is t